
Is 9 a factor of 36?
True
Is 1953 a multiple of 93?
True
Is 38 a factor of 2667?
False
Is 11553 a multiple of 7?
False
Does 14 divide 65?
False
Does 48 divide 1296?
True
Does 36 divide 1178?
False
Is 337 a multiple of 41?
False
Is 4 a factor of 1486?
False
Is 39 a factor of 8814?
True
Is 15 a factor of 209205?
True
Is 31182 a multiple of 12?
False
Is 49 a factor of 441?
True
Is 29 a factor of 30972?
True
Is 20459 a multiple of 242?
False
Does 163 divide 5912?
False
Does 79 divide 74892?
True
Is 14 even?
True
Does 4 divide 684?
True
Does 221 divide 14527?
False
Does 75 divide 1350?
True
Does 54 divide 162?
True
Does 13 divide 6231?
False
Is 11 a factor of 187?
True
Does 47 divide 4089?
True
Is 120 a factor of 5022?
False
Is 93641 a multiple of 171?
False
Does 10 divide 6156?
False
Does 28 divide 56?
True
Is 492 a multiple of 80?
False
Is 9250 a multiple of 10?
True
Is 156 a multiple of 6?
True
Is 1623 a multiple of 106?
False
Is 38 a factor of 5389?
False
Is 10 a factor of 4107?
False
Is 898 a multiple of 6?
False
Is 25 a factor of 912?
False
Is 25 a factor of 11735?
False
Is 40 a multiple of 9?
False
Does 42 divide 966?
True
Is 288 a multiple of 36?
True
Is 107 a factor of 2354?
True
Is 7176 a multiple of 138?
True
Is 2398 a multiple of 13?
False
Does 84 divide 1344?
True
Is 45 a multiple of 5?
True
Does 7 divide 5082?
True
Is 16273 a multiple of 175?
False
Is 98 a multiple of 3?
False
Does 111 divide 5693?
False
Is 81266 a multiple of 227?
True
Does 14 divide 121829?
False
Is 92 a factor of 335?
False
Is 7 a factor of 578?
False
Is 1725 a multiple of 15?
True
Does 42 divide 3612?
True
Does 254 divide 1016?
True
Is 369 a multiple of 13?
False
Is 33 a factor of 1155?
True
Is 4 a factor of 1542?
False
Is 7 a factor of 2793?
True
Is 576 a multiple of 48?
True
Is 39835 a multiple of 257?
True
Is 44 a factor of 6072?
True
Is 16 a factor of 2128?
True
Is 54 a multiple of 3?
True
Does 34 divide 306?
True
Is 957 a multiple of 29?
True
Does 24 divide 10200?
True
Is 11369 a multiple of 147?
False
Is 11776 a multiple of 64?
True
Is 3 a factor of 825?
True
Does 28 divide 8092?
True
Is 9 a factor of 4596?
False
Is 436 a multiple of 12?
False
Is 852 a multiple of 3?
True
Is 14 a factor of 448?
True
Is 48 a multiple of 3?
True
Is 540 a multiple of 18?
True
Is 1309 a multiple of 14?
False
Is 20 a factor of 12580?
True
Is 704 a multiple of 11?
True
Is 13 a factor of 4875?
True
Does 103 divide 10938?
False
Is 9 a factor of 22350?
False
Is 32 a factor of 11008?
True
Is 883 a multiple of 25?
False
Is 71 a multiple of 2?
False
Is 107 a factor of 6516?
False
Is 1068 a multiple of 89?
True
Is 226 a multiple of 6?
False
Is 50 a factor of 20200?
True
Is 1155 a multiple of 55?
True
Is 6 a factor of 2061?
False
Does 7 divide 308?
True
Does 15 divide 4136?
False
Does 14 divide 96558?
True
Does 3 divide 2238?
True
Does 70 divide 5458?
False
Is 4374 a multiple of 18?
True
Is 39 a factor of 22673?
False
Is 264 a multiple of 44?
True
Is 17940 a multiple of 30?
True
Is 15 a factor of 285?
True
Is 1110 a multiple of 37?
True
Is 19 a factor of 15420?
False
Does 7 divide 23975?
True
Is 1251 a multiple of 139?
True
Is 46 a factor of 6444?
False
Does 25 divide 5025?
True
Is 15865 a multiple of 91?
False
Does 25 divide 1025?
True
Is 7 a factor of 22659?
True
Is 8 a factor of 8?
True
Does 36 divide 11507?
False
Does 100 divide 3415?
False
Is 22 a factor of 58?
False
Is 15 a factor of 41767?
False
Is 2025 a multiple of 26?
False
Does 11 divide 7986?
True
Is 4972 a multiple of 11?
True
Does 9 divide 20430?
True
Does 7 divide 1008?
True
Does 11 divide 17504?
False
Is 2 a factor of 781?
False
Is 399 a multiple of 7?
True
Is 102 a multiple of 34?
True
Is 19 a factor of 2088?
False
Is 46 a factor of 5204?
False
Does 9 divide 435?
False
Is 8 a factor of 3688?
True
Is 26 a factor of 929?
False
Is 20124 a multiple of 43?
True
Does 8 divide 320?
True
Is 39 a factor of 1833?
True
Does 36 divide 39204?
True
Is 24 a factor of 45474?
False
Is 226 a multiple of 6?
False
Does 20 divide 740?
True
Does 26 divide 8450?
True
Does 5 divide 455?
True
Is 33 a factor of 119?
False
Is 237 a multiple of 34?
False
Is 23 a multiple of 5?
False
Does 14 divide 1407?
False
Does 36 divide 144?
True
Is 48 a factor of 8400?
True
Is 27064 a multiple of 9?
False
Does 4 divide 226?
False
Is 1398 a multiple of 37?
False
Is 13 a factor of 734?
False
Is 19 a factor of 9729?
False
Does 23 divide 16425?
False
Does 6 divide 12101?
False
Is 301 a multiple of 4?
False
Is 42 a factor of 3780?
True
Is 3 a factor of 1332?
True
Is 15 a factor of 1652?
False
Does 77 divide 1226?
False
Does 34 divide 25194?
True
Is 29811 a multiple of 22?
False
Is 288 a factor of 61841?
False
Does 43 divide 614?
False
Is 5 a factor of 2090?
True
Does 64 divide 4544?
True
Does 8 divide 53957?
False
Is 27 a factor of 32003?
False
Does 8 divide 2072?
True
Is 36 a factor of 301?
False
Is 62 a factor of 3100?
True
Is 5 a factor of 680?
True
Does 14 divide 1002?
False
Is 4760 a multiple of 17?
True
Is 1141 a multiple of 8?
False
Does 7 divide 13850?
False
Is 4422 a multiple of 19?
False
Is 106 a factor of 3796?
False
Is 18842 a multiple of 54?
False
Does 100 divide 196?
False
Is 4529 a multiple of 3?
False
Is 3805 a multiple of 11?
False
Does 4 divide 31427?
False
Is 1212 a multiple of 13?
False
Does 215 divide 102985?
True
Is 7906 a multiple of 8?
False
Is 19 a factor of 2489?
True
Is 19 a factor of 947?
False
Is 250 a multiple of 10?
True
Is 369 a multiple of 12?
False
Does 5 divide 1470?
True
Is 111 a factor of 5883?
True
Is 71 a factor of 2059?
True
Does 15 divide 165?
True
Does 8 divide 1880?
True
Is 109 a factor of 1962?
True
Does 31 divide 17763?
True
Is 3528 a multiple of 56?
True
Is 167 a factor of 90804?
False
Does 13 divide 153725?
True
Is 34372 a multiple of 52?
True
Does 3 divide 90?
True
Is 1779 a multiple of 11?
False
Does 17 divide 650?
False
Is 2032 a multiple of 22?
False
Is 20 a factor of 2340?
True
Is 55539 a multiple of 459?
True
Does 83 divide 58432?
True
Does 33 divide 2607?
True
Is 2213 a multiple of 41?
False
Is 113 a factor of 12222?
False
Is 1519 a multiple of 49?
True
Is 437 a multiple of 13?
False
Is 568 a multiple of 45?
False
Is 5 a factor of 5445?
True
Is 28955 a multiple of 10?
False
Is 4 a factor of 4?
True
Is 3024 a multiple of 16?
True
Is 7163 a multiple of 13?
True
Is 63960 a multiple of 123?
True
Does 4 divide 423?
False
Does 26 divide 31435?
False
Is 7470 a multiple of 22?
False
Is 2289 a multiple of 5?
False
Is 29 a factor of 29?
True
Does 5 divide 697?
False
Is 22 a factor of 3322?
True
Is 3657 a multiple of 53?
True
Is 1320 a multiple of 11?
True
Is 5305 a multiple of 155?
False
Does 194 divide 8342?
True
Is 17 a factor of 61931?
True
Is 630 a multiple of 9?
True
Is 29705 a multiple of 187?
False
Is 23 a factor of 115?
True
Is 77 a factor of 51671?
False
Does 7 divide 2469?
False
Does 8 divide 26520?
True
Is 23 a factor of 8418?
True
Is 2170 a multiple of 10?
True
Is 373 a multiple of 24?
False
Is 636 a multiple of 12?
True
Is 7 a factor of 4511?
False
Is 9 a factor of 540?
True
Is 19 a factor of 293?
False
Is 53 a factor of 27728?
False
Is 28158 a multiple of 6?
True
Is 79444 a multiple of 311?
False
Is 26 a factor of 10764?
True
Does 16 divide 5216?
True
Is 374 a multiple of 11?
True
Is 97 a factor of 11349?
True
Is 48 a factor of 39312?
True
Does 3 divide 1917?
True
Is 215 a multiple of 20?
False
Is 7855 a multiple of 19?
False
Is 1262 even?
True
Is 47 a factor of 19390?
False
Is 24117 a multiple of 26?
False
Is 35250 a multiple of 235?
True
Does 171 divide 16232?
False
Does 106 divide 2870?
False
Is 774 a multiple of 43?
True
Is 12 a factor of 2097?
False
Is 90 a factor of 7958?
False
Is 2320 a multiple of 44?
False
Does 51 divide 7314?
False
Is 821 a multiple of 9?
False
Is 661 a multiple of 16?
False
Is 27 a factor of 1055?
False
Is 28 a factor of 1876?
True
Is 6 a factor of 8776?
False
Is 36 a factor of 4896?
True
Does 6 divide 384?
True
Is 5616 a multiple of 72?
True
Is 169 a factor of 7720?
False
Is 15 a factor of 5526?
False
Is 5 a factor of 455?
True
Is 3741 a multiple of 11?
False
Does 7 divide 1260?
True
Is 23 a factor of 854?
False
Is 67 a factor of 12998?
True
Is 107 a factor of 11128?
True
Do